 86 = 3*v - j, -4*j + 38 = 2*v - 10. What is the remainder when v is divided by u?
8
Let l = -17 + 9. Calculate the remainder when 8/(-3)*126/l is divided by 11.
9
Let m(l) = l. Calculate the remainder when 10 is divided by m(3).
1
Let d(q) = -2*q**2 - 5*q + 2. Let c be d(-4). Let o = -5 - c. Calculate the remainder when (-9)/15 + 96/10 is divided by o.
4
Let m(c) = 16*c - 8. Let p be m(6). Suppose 2*r - 5*z - 485 = 0, -3*z = -r + 154 + p. Calculate the remainder when 1/(-6) - r/(-30) is divided by 3.
2
Let v(l) = l**3 - 4*l**2 + 4*l - 2. What is the remainder when 3 is divided by v(3)?
0
Suppose -2*x - x = -15. Suppose -5*i + 29 = -4*j, -3*i + x = -j - 18. What is the remainder when 34 is divided by i?
7
Suppose 4*j - 2*j = 152. What is the remainder when ((-3)/1)/((-12)/j) is divided by 10?
9
Suppose -2*z = 2, 3*l + 2 - 7 = -4*z. Suppose 4*c - 11 + l = 0. What is the remainder when 5 is divided by c?
1
Suppose -83*g + 18 = -80*g. What is the remainder when 21 is divided by g?
3
Let l(k) = -5*k - 3. Suppose b + 9*t - 4*t = 5, 10 = 2*b + 3*t. Calculate the remainder when l(-3) is divided by b.
2
Let c = 32 - 1. What is the remainder when c is divided by (36/15)/((-6)/(-40))?
15
Let f(i) = -i**3 - 5*i**2 - 5*i - 4. Let g be f(-4). Suppose -b + 4*p + 50 = b, g = -5*p - 20. What is the remainder when 50 is divided by b?
16
Suppose -4*q + j + 2 = 0, 3*j = -5*q - 0*q - 6. Let d(r) = r**2 + 23. Let y = 39 - 27. What is the remainder when d(q) is divided by y?
11
Suppose -o + 4*q + 49 = -0*o, -3*q = 9. Suppose 2*l - 1 - o = 0. What is the remainder when l is divided by 11?
8
Suppose 4*h = 2*h + 4. Suppose 0 = h*q - 61 - 37. Suppose 2*s + q = 2*k + s, 4*s = 5*k - 121. What is the remainder when k is divided by 13?
12
Let y = -70 - -93. Calculate the remainder when 53 is divided by y.
7
Let d = -58 - -200. Calculate the remainder when d is divided by 24.
22
Let z(j) = 2*j**2 - 3*j + 3. What is the remainder when 119 is divided by z(-3)?
29
Let y(l) = 10*l + 2. Let v be y(5). Let o = v + 19. Calculate the remainder when o is divided by 18.
17
Suppose -p + 70 = -0*p - r, -340 = -5*p + 3*r. Let i = 261 - 250. What is the remainder when p is divided by i?
10
Let u be 6/((-1)/(36/8)). What is the remainder when 12/((u/10)/(-9)) is divided by 14?
12
Let c = 11 + -6. Suppose 0 = 4*g + s - 94 + 14, c*g = 3*s + 117. Suppose -3*f = 2*f + 2*z - 59, 2*f + 4*z = 30. What is the remainder when g is divided by f?
10
Suppose -3*q - 28 = -7*q. Let w(d) be the second derivative of d**4/12 - d**3 + 2*d**2 + d. Calculate the remainder when 41 is divided by w(q).
8
Suppose -4*i + 31 = j, -3*j + 4*i + 18 = 5. Let n = -2 + j. Calculate the remainder when n is divided by 4.
1
Suppose 4 = -z, 5*z = -5*d - 5 - 5. Suppose -k - 72 = -3*x, 2*k + 3*x + 155 = -d*x. Let l = k - -126. What is the remainder when l is divided by 13?
12
Suppose -b - 1 = -d - d, 17 = -d + 4*b. What is the remainder when 11 is divided by d?
2
Let i = -60 - -112. Suppose -c + 2*m = -22, 3*c - 4*m - 20 - i = 0. Let x(q) = -4*q - 6. What is the remainder when c is divided by x(-4)?
8
Let u(t) = t + 2. Let c be u(3). Suppose 0 = 4*p + 2*o - 18, -c*p + o - 10 = -3*o. Calculate the remainder when p is divided by 1.
0
Let k = -4 + 23. Let h(n) = -n**2 + 5*n + 7. Let g be h(5). Suppose -2*b + b = -g. Calculate the remainder when k is divided by b.
5
Suppose 9 - 1 = -4*x, 2*x + 60 = 4*m. Calculate the remainder when 67 is divided by m.
11
Let p = 33 - 8. Suppose -i + 3*k = -11, 41 = 2*i + 3*k + 10. What is the remainder when p is divided by i?
11
Let m be 4/16 - 150/(-8). Let j = -7 + m. Calculate the remainder when 70/4*2/1 is divided by j.
11
Let k be ((-1)/1)/((-1)/38). Suppose 0 = -y - y + 36. Let j = k - y. What is the remainder when j is divided by 7?
6
Let u be 12/(-15)*(-5)/2. Suppose 18 = u*w - 5*k, 50 + 2 = 4*w - 2*k. Let o = 50 - 23. Calculate the remainder when o is divided by w.
13
Let n = 11 - 1. Calculate the remainder when 26 is divided by n.
6
Let x be (-76)/6 + (-16)/(-24). Calculate the remainder when x/(-18) + 8/6 is divided by (-2)/(-1 - 1) + 0.
0
Let k = 1 + 0. Let r = 18 + -16. Suppose -3*a - 9 = l + 4, -2*a = 4*l + r. Calculate the remainder when l is divided by k.
0
Suppose -12 = -c + 3. Suppose -c*n + 10*n = -100. Calculate the remainder when 1 + (0 - -58)/1 is divided by n.
19
Let a = -3 - -24. What is the remainder when 81 is divided by a?
18
Suppose 0 = 2*v - 4*h, 3*v + 2*v - 42 = -4*h. What is the remainder when 59 is divided by v?
5
Suppose -6*s = -16 - 110. Calculate the remainder when 41 is divided by s.
20
Calculate the remainder when (-1)/((-1)/(-2))*-13 is divided by 7.
5
Suppose 0 = -8*b + 16. Suppose -2*j + 13 = -3*y, -y = j - 6*j + 26. Suppose u = 4*w - 3, -j*u + 5 = -3*w - 14. Calculate the remainder when b is divided by w.
0
Let c = 104 + -47. Calculate the remainder when c is divided by 19.
0
Suppose 0 = 4*q - 45 - 27. What is the remainder when q is divided by 6 - (2 + -1) - 0?
3
Calculate the remainder when 9 is divided by 5 + 13/(-3) + 16/3.
3
Let h = -19 - -45. Suppose 0 = -3*i + 2*i + h. Let l = 21 + -7. What is the remainder when i is divided by l?
12
Let t = 35 + -17. Let o(b) = 6*b**2 - 2*b - 1. Calculate the remainder when t is divided by o(-1).
4
Let i(c) = c**2 - 5*c + 2. What is the remainder when (-26)/(-7) - (-12)/42 is divided by i(5)?
0
Calculate the remainder when (22/8)/(5/20) is divided by 7.
4
Let d(l) = -l**2 + 9*l - 1. Suppose -2*n = -6*n + 24. What is the remainder when 50 is divided by d(n)?
16
Let j(x) = 9*x + 1. Suppose 3*u = -4*z + 210, z + 3*u = -2*u + 44. What is the remainder when z is divided by j(2)?
16
Suppose 2*o = b - 6*b + 185, -3*b - 5*o = -130. What is the remainder when b is divided by 18?
17
Suppose -11*b + 618 + 1824 = 0. Calculate the remainder when b is divided by 57.
51
Let t(w) = -w**2. Let n(v) = v**3 + 15*v**2 - 2. Let i(s) = -n(s) - 4*t(s). Calculate the remainder when 3 is divided by i(-11).
1
Calculate the remainder when -7 + 7 - 54/(-2) is divided by 10.
7
Let c(m) = -6*m - 3. Let k be -2 - (0 + 4 - -2). What is the remainder when c(k) is divided by 16?
13
Suppose 0 = -0*h - 2*h - 42. Let k = -17 - h. Calculate the remainder when 14 is divided by k.
2
Let u = -6 + 10. Suppose 0 = 2*g + 2*g - 580. Suppose 3*v - 199 = -u*y, -5*y + g + 112 = v. What is the remainder when y is divided by 18?
16
Let s = -5 + 38. Calculate the remainder when s is divided by 12.
9
Suppose -3*q + 93 - 15 = 0. Calculate the remainder when q is divided by 9.
8
Suppose 0 = 5*f - f - 72. Let p = -12 + f. What is the remainder when 17 is divided by p?
5
Let c(h) = 5*h**2 - h - 11. Calculate the remainder when c(-6) is divided by 45.
40
Let z = 112 + -77. Let c = z - 20. What is the remainder when 59 is divided by c?
14
Suppose -2*q + 5*p + 16 = 0, -3*q + 4*p = 2*q - 23. Suppose 2*n = q + 23. What is the remainder when n is divided by 5?
3
Let z(p) be the first derivative of p**3/3 + 4*p**2 + 7*p - 2. Let q be z(-6). Let f = 8 + q. What is the remainder when 5 is divided by f?
2
Let k(c) = c**3 - 16*c**2 + 2*c - 5. Calculate the remainder when 91 is divided by k(16).
10
Let y(t) = t - 8. Calculate the remainder when y(12) is divided by 2.
0
Suppose -b + 8 = w, 2*w + 3*b = 4*w + 4. Suppose -w*y = y - 55. What is the remainder when 30 is divided by y?
8
Let k = 29 + -21. Suppose 3*s = -3*v, -2*s = v - k + 3. Suppose 0*w + s*w - 5 = 0. Calculate the remainder when 2 is divided by w.
0
Suppose -5*a + 3*b = -82, -a + 5*a - 2*b - 64 = 0. Suppose t = 2*t - a. Calculate the remainder when t is divided by 4.
2
Calculate the remainder when 187/6 + (-6 - (-70)/12) is divided by 12.
7
Let b = 25 + -11. Calculate the remainder when b is divided by 4.
2
Let i be 4/(-14) + (-8)/(-28). Suppose i = -v - 3*u, -2*u + u = -2*v + 14. Calculate the remainder when 17 is divided by v.
5
Let q = -4 + 5. What is the remainder when q/2 - (-34)/4 is divided by 5?
4
Suppose 4*h - 38 - 82 = 0. Suppose 5*v = h - 5. What is the remainder when 12 is divided by v?
2
Calculate the remainder when 4 is divided by 2/(-8) + 9/4.
0
What is the remainder when 2/6 + -6 + (-632)/(-12) is divided by 17?
13
Let t = -7 + 11. Suppose -r = -t*f + r + 14, -2*r = -2. Suppose f*l - 2*q - 38 = 0, l =